-47. Suppose i - 407 = -0*i - 2*d, -2*d + 1229 = 3*i. Let t = i + -231. Calculate the highest common factor of o and t.
20
Suppose 40*q = 17*q - 644. Let c be (-4 - q) + 0/(-1). What is the highest common divisor of c and 96?
24
Let o be 10*(0 - (-16)/10). Let g = -6637 + 6638. What is the greatest common factor of g and o?
1
Suppose -12*a = 5*a - a - 42640. Calculate the greatest common divisor of a and 41.
41
Let d(k) = -7 + k**3 + 0 + 2*k + 4 - 3*k**2 - k**2. Let t be d(4). Let v be (((-125)/(-3))/t)/(4/48). What is the greatest common factor of v and 40?
20
Let v = 18218 - 17123. What is the greatest common divisor of 60 and v?
15
Suppose -57*a - 116 = 50*a - 108*a. What is the greatest common divisor of 1508 and a?
116
Let a be ((-96)/(-40))/((-9)/210). Let r = a - -59. Suppose 7*o = -r*o + 200. What is the greatest common divisor of o and 5?
5
Let x be 126/30 + 17856/720. Suppose 0 = 5*s + v - 2461, 1164 - 174 = 2*s - v. Calculate the greatest common factor of s and x.
29
Let j = 747 + 184. Let u be (-3)/7 - (68/7)/(13/(-26)). Calculate the greatest common factor of u and j.
19
Suppose 2*o - 11 = 3*k, -o - 667 = 4*k - 700. What is the greatest common factor of 1560 and o?
13
Let b be 19/((-874)/161) - (-237)/2. What is the highest common factor of 23 and b?
23
Let v be (-3 - (-26)/4)/(5/30). Let l be (16/(-6))/(v/(-567)). Calculate the highest common divisor of 216 and l.
72
Suppose 7*v + 2*y = -4562, 5*y = -5*v - 1348 - 1907. Let a = v + 710. Calculate the highest common factor of 145 and a.
29
Let i(u) = 7*u**2 + 47*u - 12. Let c be i(-8). What is the highest common divisor of c and 244?
4
Let r(w) = -w**3 - w + 20. Let m be r(0). Suppose -14*q + 176 = -m. Suppose -8*n + 5*n = y - q, y + 4*n = 12. Calculate the highest common divisor of y and 8.
4
Let g(z) = 152*z + 1124. Let w be g(-7). Calculate the greatest common factor of 1060 and w.
20
Let n(t) = 21*t - 20. Let x be n(3). Let j be -7*12/84*(-87 + 1). What is the highest common divisor of j and x?
43
Let q(m) = m + 3. Let a be -4 + -3 + 11 - 4. Let r be q(a). Suppose -3*c = 4*i - 59, r = c + 2*i - 4*i. What is the highest common factor of c and 91?
13
Let w(f) = -f**2 - 10*f - 15. Suppose 42 = -5*q - 2*d, 0 = -0*q - q - 5*d - 13. Let b be w(q). Calculate the highest common factor of b and 9.
1
Let y be 12 + -21 + 34 - 13. What is the greatest common divisor of 18 and y?
6
Let i(p) = -p**3 + 12*p**2 - 19*p + 8. Let l be i(12). Let b = l - -424. Calculate the highest common factor of b and 12.
12
Let n = 104849 - 45577. Calculate the greatest common factor of n and 248.
248
Suppose -3*c + 664 = 6*n - 8*n, -5*n - 1105 = -5*c. Suppose -2*h = -y + 64, -3*y - h + c = 65. What is the highest common factor of y and 18?
18
Suppose 0 = -30*g + 1103 - 323. What is the highest common factor of 26 and g?
26
Suppose 0 = -5*b + 52 + 18. Suppose 22*c - 2448 = 5*c. Let q be (-216)/c - (-1 - 58/4). What is the highest common divisor of q and b?
14
Let p = -101883 - -102128. Suppose -3*m + 5*j = -105, -4*m + 5*j = -2*m - 70. Calculate the greatest common factor of p and m.
35
Let j = -3789 + 3866. Let d(t) = -5 + 0*t - 4*t + 6*t. Let h be d(8). Calculate the highest common factor of h and j.
11
Let x(g) = 6 - 5 + 4 - g**3 - 2*g**2 + 4. Let d(n) = -3*n + 54. Let i be d(18). Let c be x(i). What is the highest common divisor of 99 and c?
9
Let m(q) = -4*q - 53 - q - 14*q + 196 - 4*q. Let h be m(-7). Calculate the greatest common factor of h and 4.
4
Suppose 3*d = -p - 6, 0 = -3*p + p + d + 23. Let f(o) = -3 - 3*o + p*o**2 + 6 + o**3 - 2*o**3. Let l be f(7). What is the greatest common divisor of l and 10?
10
Let t(s) = -83*s - 2276. Let x be t(-39). Calculate the highest common factor of 62 and x.
31
Suppose -680 = 151*p - 219*p. Calculate the highest common factor of 1270 and p.
10
Suppose 0 = 12213*l - 12197*l - 1328. What is the highest common factor of l and 12367?
83
Let i be ((-6)/9 - 0)/((-2)/159). Suppose 6*k - 187 = i. What is the highest common factor of k and 320?
40
Suppose -384 = -4*q - x, 436 = 5*q + 2*x - 44. Calculate the greatest common factor of q and 276.
12
Let u = 7145 - 6338. What is the highest common divisor of u and 3?
3
Suppose 4*p + 103 = -21. Let x = -26 - p. Suppose 4*o = -5*z + 62, -x*z - 4*o - 8 = -7*z. Calculate the highest common divisor of z and 110.
10
Let g be (6 - 5 - -1)/2. Let y be 2/(3 - (2 - g))*140. Let m = 5 + 15. What is the greatest common divisor of m and y?
20
Suppose -5*w = 3*f - 6*f + 49, -12 = f + 4*w. Suppose 0 = -m + 14 - f. Let z be (-2622)/(-18) + 2*(-2)/m. What is the greatest common factor of 58 and z?
29
Let f be ((-16)/(-10))/((-12)/(-4950)). Suppose 0*z = 5*z - f. Calculate the highest common divisor of z and 66.
66
Let w(g) = -g**2 - 20*g - 40. Suppose 122*k + 80 = 117*k. Let x be w(k). What is the greatest common factor of 192 and x?
24
Let v(x) = 3*x**2 + 2*x - 1. Let d be v(1). Let u be 840/1400*(-920)/(-6). Calculate the greatest common factor of u and d.
4
Let t = -18612 + 18976. What is the highest common factor of t and 4680?
52
Suppose -3*s + 106 - 19 = 0. Suppose 12*d - s = 31. What is the greatest common factor of 20 and d?
5
Suppose 28080 = -3*v + 68*v. Calculate the greatest common divisor of 3096 and v.
72
Let i be (-21)/28 + (-1029)/(-28) + 6. What is the highest common divisor of i and 4578?
42
Let r(m) = 746*m + 3. Let l be r(-1). Let v = l + 789. What is the highest common divisor of v and 1058?
46
Suppose -348 = -3*d + j, -7*d - 3*j = -4*d - 336. Suppose -85*l - 30 = -d*l. Calculate the greatest common divisor of l and 57.
1
Let n = 8879 - 6657. Calculate the highest common divisor of 110 and n.
22
Suppose -15*d + 10*d + 724 = -3*s, -5*d + 708 = -s. Suppose -5*z = -9 - 11. Let m be (-2 - -3)*7*z. Calculate the highest common divisor of d and m.
28
Let y be (-4)/6*(-2 + -1). Suppose 3*j - 31 + 11 = y*n, 3*n - 27 = -5*j. Calculate the greatest common factor of 96 and j.
6
Let o be (-120)/(-192) - 447705/(-24). What is the greatest common divisor of o and 13?
13
Let p be (-2)/(-10)*154*65*20/260. Let r = -8 - -22. Calculate the highest common factor of r and p.
14
Let l be 562/4215 - (-1466)/30. What is the greatest common divisor of l and 196?
49
Suppose 15*t + c - 16 = 12*t, c - 23 = -4*t. Let b be (-10 - -10) + (t - (2 + 1)). What is the greatest common factor of 40 and b?
4
Let w(q) = -2*q**3 - q**2 - q - 20. Let z be w(-4). Suppose -z = -9*b + 120. What is the greatest common divisor of 528 and b?
24
Suppose -13 = -4*s + 131. Suppose 5*v - 9 = -3*g + 4, 0 = -2*v + 4*g. Suppose -x - x + p = -212, -8 = -v*p. What is the greatest common factor of x and s?
36
Let r be -6 + (2666 - 0*(-12)/84). What is the highest common divisor of r and 152?
76
Let k(d) = 622*d - 452. Let p be k(1). Calculate the greatest common factor of 68 and p.
34
Suppose -7*s + 1179 = -1551. Let d = -34 + 112. What is the highest common divisor of d and s?
78
Let j = -29 + 29. Let k be 51 + 3 + 0 + j. Suppose 0 = 5*n - 25, 9*l - 63 = 5*l - 3*n. What is the greatest common factor of l and k?
6
Let c = -16046 + 17516. Calculate the greatest common divisor of 196 and c.
98
Suppose -146*k - 5 = -147*k. Suppose -k*q + 200 + 460 = 0. Calculate the highest common factor of 6 and q.
6
Let q = -4940 - -5028. Calculate the highest common factor of 5544 and q.
88
Let l be (-23)/(-7) - ((-308)/(-49) - 6). Suppose -79 = -2*v - 5*s, 3 = v + l*s - 36. Calculate the greatest common factor of v and 84.
42
Suppose -102 = -a - a - 2*d, -d = -2*a + 117. Let g(s) = -5*s**2 - 58*s + 131. Let t be g(-13). What is the greatest common factor of t and a?
8
Let o be (2*3/(-15))/(6/(-15)). Let a be 6/(-3) + o + 4. Suppose -6 = -3*j + a. Calculate the greatest common factor of j and 21.
3
Let l = -6375 + -17940. Let g be l/(-33) + ((-65)/(-55) - 1). What is the highest common factor of g and 67?
67
Let v be 3/(-5) - 2008/(-1255). Calculate the greatest common factor of 5261 and v.
1
Suppose -7*h + 2*i - 322 = -9*h, i = 2*h - 307. Calculate the greatest common divisor of 1443 and h.
39
Let p be 0 - (9*-2)/2. Suppose s - 166 - 96 = -z, 4*z - 1045 = -3*s. Let y = z + -223. Calculate the greatest common factor of y and p.
9
Let c(x) = -x + 1. Let z(g) = -3*g + 17. Let f(i) = -4*c(i) 